
18
Let w be (40/3)/4*(-1125)/(-30). Let u = 168 - w. What is the greatest common divisor of u and 86?
43
Let c(i) = i**2 - 111*i + 2237. Let p be c(23). What is the greatest common divisor of 13419 and p?
213
Let u(j) = 1702*j - 30585. Let w be u(18). Let y be (-2)/(-4) + (-3)/(-6). Let d = y + 16. Calculate the highest common divisor of d and w.
17
Let v(g) = -g**3 + 32*g**2 + 377*g + 51. Let i be v(41). What is the highest common factor of 1 and i?
1
Suppose 26*v - 58*v = 23*v - 426360. Calculate the greatest common divisor of v and 204.
204
Let l(t) = t**2 + 14*t + 67. Let c be l(-7). Suppose -5*j = h + 2, 34 = 5*h - 4*h - 4*j. Calculate the highest common factor of h and c.
18
Let w be 24/(-60) - 17/(-5). Suppose -5*m + 3 = 2*h, -w*m + 1 = -4*m. Calculate the highest common divisor of h and 17.
1
Suppose 4*r = -b + 156, -2*r + 9*b - 4*b = -100. What is the highest common factor of 2952 and r?
8
Let c be 75/2 - 3/(-6). Let w be (-11)/(-11) + (-6)/(-2). Suppose 0 = -5*h + w*m - m + 40, -3*h + c = m. What is the greatest common divisor of h and 209?
11
Let r(z) = z**2 - 8. Let g be r(6). Let k(x) = x**2 - 3*x + 7. Let c be k(2). Suppose m = -c*m + 84. Calculate the greatest common factor of g and m.
14
Suppose -5*s - 3469 = 4*h, 15*s - 15 = 18*s. Let l = h + 885. Suppose 6*g = g + 320. What is the highest common factor of l and g?
8
Let s = 30 + -20. Let m be (-130 - -5)*(-2 - (-9)/3). Let j = m + 215. What is the greatest common factor of s and j?
10
Let c(z) = 10*z**2 + 71*z - 5. Let o be c(-7). Let u(k) = -4*k + 205. Let n be u(o). What is the greatest common factor of n and 46?
23
Let o(i) = -i**3 - 33*i**2 - 26*i + 211. Let x be o(-32). Calculate the highest common divisor of 35682 and x.
19
Let v(f) = 3*f**3 + 362*f**2 + 144*f - 164. Let r be v(-120). What is the highest common divisor of 136 and r?
68
Let i = 707 + -1381. Let k = 687 + i. What is the greatest common factor of 117 and k?
13
Let u be (-2)/(-8)*64/((-80)/10). Let f be 10/15*(-6)/4. Let j be 1/((u/(-44)*f)/(-1)). What is the highest common factor of 198 and j?
22
Let z = 44 + -24. Suppose 0 = 8*x - 178 - 62. What is the highest common factor of x and z?
10
Suppose -6*p = -25 - 11. Let c be 8 - 4 - p/2. Let g = c - -3. Calculate the greatest common factor of g and 36.
4
Suppose 26*c - 24*c - 2*x = 214, 0 = -x - 4. Suppose 0 = -5*d + 132 + c. Calculate the highest common divisor of d and 611.
47
Suppose 5*b - 60 = -5*n, -n + 7*b = 2*b - 30. Suppose 7*g - 132 = -n*g. Let t = 92 + -38. Calculate the highest common divisor of t and g.
6
Let u be (2 - -1)*((-279)/(-27) + -7). Let s(l) = -l**2 + 12*l. Let x be s(u). Calculate the greatest common divisor of x and 4.
4
Suppose 2*q + 2*u = 20, 17 + 20 = 4*q + 3*u. Let h(f) = f**2 + 22*f + 13. Let n be h(q). Calculate the greatest common factor of n and 144.
72
Suppose -3*n - 2*v = -12, 5*n - 12 = 5*v + 33. Suppose 46 = 5*q + 2*r, r - 46 = -4*q + 4*r. Calculate the highest common divisor of q and n.
2
Suppose 2*c + o - 9 = 0, 0*c + 3*o - 11 = 2*c. Suppose x = -6*v + 4*v + 16, v = -c*x + 20. What is the greatest common factor of 1 and x?
1
Let a be (-72)/48*(456/2)/(-2). Let i be (8/(4/(-2)))/((-6)/a). Calculate the greatest common divisor of i and 38.
38
Let u be 0 + -2 - (-1928)/4. Let r be (7490/6741)/((-2)/(-27)). What is the highest common factor of u and r?
15
Suppose -5*s - 37*s = -4326. Calculate the greatest common divisor of 927 and s.
103
Let n(s) = 50*s + 188. Let c be n(1). What is the greatest common factor of 68 and c?
34
Let q be (-318)/(-53) - (-2)/2*-4. Suppose -2*v = -3*j + 188, -16*j + q*v = -17*j + 52. What is the highest common factor of j and 28?
4
Suppose -63*o = -19*o - 67276. Calculate the greatest common divisor of o and 22.
11
Suppose -43*m + 40*m + 54 = 3*w, 0 = 5*w + m - 74. Calculate the greatest common divisor of 2758 and w.
14
Let u = -529 + 1596. Suppose 0 = -9*t + u - 59. Calculate the highest common divisor of 4 and t.
4
Suppose -2284*z + 2286*z = -2*x + 102, 0 = -3*x + 18. Calculate the greatest common factor of z and 585.
45
Suppose 3*n - 5*a - 33 = 0, 0 = 3*n - 3*a - 9 - 18. Let j be 192 + -2 + (8 - n) + -1. Let i = j + -135. What is the greatest common factor of 14 and i?
14
Suppose 4*o - 4*h = 8132, 0 = -4*o + 2*h + 5449 + 2673. Calculate the greatest common factor of 12 and o.
12
Let i(m) = -88*m + 498. Let b be i(-24). Calculate the highest common factor of 58 and b.
58
Let g(k) = -2*k - 11. Suppose -25*w + 31*w + 60 = 0. Let q be g(w). Calculate the highest common factor of q and 72.
9
Let w be 1/4 - 1/4. Suppose x - 21 = -g - 3*g, 3*g - 12 = w. Suppose 3*t = -7 - 2, -x*d + 172 = -4*t. What is the highest common factor of d and 64?
32
Let i be (-100)/10*(-6)/10. Let l be (-24)/i + 372/3. What is the highest common divisor of 40 and l?
40
Suppose 147*d = 3*n + 150*d - 699, 927 = 4*n - d. Let l = n - 210. Calculate the highest common factor of l and 154.
22
Suppose 0 = 5*b - 38 - 52. Suppose 0 = 12*q - b*q - 138. Let l = q - -29. What is the greatest common factor of l and 1?
1
Let g = -61448 + 61452. Let t = 30 - 16. What is the greatest common divisor of t and g?
2
Suppose 3*v = -t + v + 23, 4*t = 4*v + 32. Calculate the greatest common factor of 13273 and t.
13
Let t be 54/4 + 31/(-62). Let q be 8/52 - (-50)/t. Calculate the highest common factor of q and 2.
2
Let t be -5 + (-3)/(-2)*(8 - -8). What is the highest common factor of 2413 and t?
19
Suppose -6*y + 11*y = -10. Let j be -1 + y - (0 + (-3 - -1)). Let d be ((-20)/3)/j*(-192)/(-5). Calculate the greatest common factor of 32 and d.
32
Let l = -1452 + 2189. Suppose v = -3*v - 2*y + 274, -5*y - 320 = -5*v. What is the greatest common divisor of v and l?
67
Let l be (160/7)/((-6)/(-7)*(-32)/(-192)). What is the greatest common factor of 85 and l?
5
Let g(b) = -b + 10. Let j be g(10). Suppose -q = -c - 4*c + 317, 5*q - 15 = j. Calculate the highest common divisor of c and 160.
32
Suppose 21*w = 19*w. Suppose 3*k - 6 = w, -710 = -4*g - 3*k - 2*k. Calculate the highest common factor of 50 and g.
25
Let y(d) = -13*d + 4. Let h be y(8). Let l = h - -178. Let t = 474 + -448. What is the greatest common factor of l and t?
26
Let a(t) = -t**2 + 8*t - 4. Let i = -27 - -33. Suppose -4*x + i = -3*x. Let d be a(x). Calculate the highest common divisor of 56 and d.
8
Suppose 8*x - 968 = 32. Suppose 40 = -10*s + 18*s. Calculate the greatest common divisor of x and s.
5
Let h be (-4)/(8/(-4620)*5). Suppose 7*v - h = -15*v. Calculate the highest common divisor of 147 and v.
21
Let z(h) = h**2 - 721*h - 21621. Let v be z(-29). Let p = -45 + 131. Calculate the greatest common divisor of v and p.
43
Suppose 1469 - 265 = 4*x. Let i = -13320 + 13406. Calculate the greatest common factor of i and x.
43
Let r be ((-54)/(-24))/((-1)/(-32)). Suppose -4*o = 2 - 10, 0 = 5*v + o - r. Let p = 259 - 238. What is the greatest common factor of v and p?
7
Suppose 127*c = -121*c + 250*c - 2124. Calculate the highest common factor of c and 162.
18
Suppose 0 = -2*l + 4*t - 8*t + 140, -4*t - 280 = -4*l. Let u(f) = f**3 + 7*f**2 - 8*f - 28. Let m be u(-6). What is the highest common factor of l and m?
14
Let g be -202 - (-1)/(-1) - 2. Let d = 335 + g. Suppose 4*c - 644 = n, c - 20 - d = 3*n. What is the highest common factor of c and 18?
18
Let q = 68 - 43. Suppose -4*u = -62 - 138. What is the greatest common factor of q and u?
25
Let z be 25 + -8 - 19 - -8*3719. What is the highest common factor of z and 238?
238
Let v be 838/24 - (-193)/2316. What is the greatest common divisor of 10 and v?
5
Let f be 7 + (-3 - 0) - 1420. Let v = -1384 - f. Let o be (8/6)/(1/3). What is the greatest common factor of v and o?
4
Let h = 36 + -32. Let w = 17 + -17. Suppose r - y = 31, -4*r + y - 5*y + 100 = w. Calculate the greatest common factor of h and r.
4
Suppose 46*j - 16800 = 30*j. What is the greatest common factor of j and 310?
10
Suppose -236*j = -5*h - 235*j + 430, -h + 75 = 2*j. What is the greatest common factor of h and 493?
17
Let n be (1 - 0)*(-6)/(-4)*-78. Let j be (28/6)/((-26)/n). Suppose -35*l + 37*l = 294. Calculate the highest common divisor of j and l.
21
Let l(v) = -2*v**2 + v**2 + 6 + 4*v + 4*v. Let y(a) = a**3 + 11*a**2 + 20*a - 24. Let c be y(-8). Let x be l(